or of t and y.
33
Let a = -3029 + 7554. What is the greatest common factor of 25 and a?
25
Let x(b) = -52*b - 274. Let o be x(-7). What is the highest common factor of 234 and o?
18
Let s = 3952 - 3940. Let a(b) be the second derivative of b**4/12 + b**3/6 + 6*b**2 + b. Let m be a(0). What is the highest common divisor of s and m?
12
Let v = 108 + -117. Let m be 6/27 + (-484)/v. What is the highest common factor of m and 18?
18
Let c = 1581 + 301. Suppose 18*w - c + 370 = 0. Let f(h) = -3*h + 3. Let q be f(-6). What is the highest common factor of w and q?
21
Suppose 0 = -67*f + 15*f + 64532. Calculate the greatest common factor of 219 and f.
73
Let t = 438 + -393. Calculate the greatest common factor of 6420 and t.
15
Let r = 173 + -62. Let j = 303 + -462. Let c = 196 + j. What is the greatest common divisor of r and c?
37
Let c(q) = -q**3 + 3*q**2 - 36*q - 5. Let r be c(-12). Calculate the greatest common divisor of r and 39.
13
Let r be 4284/(-63)*(293/(-4) - 0). What is the highest common divisor of r and 17?
17
Let l(q) = q**2 + 12*q + 39. Let w be l(-5). Suppose -x - 59 = -5*t + 120, 0 = -2*t - w*x + 76. Calculate the greatest common factor of 42 and t.
6
Let u(o) = o**3 - o**2 - 7*o + 2. Let s be u(3). Let r be (40/(-16))/(s/12). What is the greatest common divisor of r and 4?
2
Let j(d) = 5*d + 3. Let r be j(-2). Let s be -1 - (2/4 + (-68)/(-8)). Let i = r - s. Calculate the greatest common divisor of i and 27.
3
Let a be (-3)/9 + (-417)/(-9). Let u = 30 + -36. Let f be 4/((-12)/u) - -44. What is the greatest common factor of a and f?
46
Let f(d) = -2*d + 37. Let y be f(4). Suppose 0 = 23*a - y*a + 42. What is the highest common factor of a and 28?
7
Let y = -268 + 268. Suppose 24*n - 1109 = 19*n - 4*d, y = -4*n - 2*d + 892. Calculate the highest common factor of n and 9.
9
Let j be 52/2 - (-2 + 11 + 30 + -33). Calculate the greatest common divisor of 3820 and j.
20
Let w = -2505 - -2512. Calculate the highest common factor of w and 875.
7
Let b be ((-12)/8)/(10/4 + -3). Let m be (-20)/5*2 + b. Let l be (-6 - m)/(2/(-2)). Calculate the highest common divisor of 4 and l.
1
Let a = -662 - -665. Suppose 12 = 5*d + a*l - 10, -d = 5*l. What is the highest common factor of 65 and d?
5
Let x(z) = 2*z**3 - 37*z**2 - 59*z + 2. Let u be x(20). Suppose -u*i = -289 - 41. What is the greatest common divisor of 75 and i?
15
Suppose -12*o + 1099 = -2*c - 15*o, 0 = -4*c - 4*o - 2204. Let k = c - -590. What is the highest common factor of 96 and k?
12
Let v(n) = -20*n**2 + 36*n + 236. Let l be v(-6). Let s = -670 - l. What is the highest common divisor of s and 720?
30
Suppose -6*a + 21*a = 63 + 42. Calculate the highest common divisor of 189 and a.
7
Let z = -272 - -276. Suppose 164 = 4*x - 0*x - z*y, -3*x - 4*y = -151. What is the highest common divisor of 54 and x?
9
Let h = 1249 - 1189. What is the greatest common divisor of 1590 and h?
30
Suppose 8*c - 119 = 2537. Suppose -3*w - 7*p = -4*p - 501, -4*p + c = 2*w. What is the highest common divisor of 21 and w?
21
Suppose 33 = 4*d + 21. Suppose b - 5*i - 155 = -0, d*i = -12. What is the greatest common factor of 5 and b?
5
Let f = -224 - -429. Suppose 9*u - 2221 + f = 0. What is the highest common factor of u and 128?
32
Let r = 527 + -505. Let y be (-26)/(-39)*759/2. Calculate the highest common divisor of y and r.
11
Suppose 18 + 46 = 2*s. Suppose -11*z + s = 10. What is the greatest common factor of 50 and z?
2
Suppose 0*x + 2*x = -0*x. Suppose x = -5*w - 5*f + 45, -5*w + f + 25 = 2*f. Let l be 724/16 + (-26)/8 + w. What is the highest common divisor of 23 and l?
23
Let n be -62 + 3 + 0 + 1. Suppose w + i + 78 = -i, 3*w + 274 = 4*i. Let z = n - w. What is the greatest common factor of z and 252?
28
Let f be -6*(-63)/(-18) + 69. What is the highest common factor of f and 48?
48
Suppose -4*d = -2*d - 126. Let v = d - 63. Suppose -9*s - s + 220 = v. Calculate the highest common divisor of 22 and s.
22
Let d(r) = 62*r**2 - 3*r + 5. Let b be d(5). Suppose 13*m = 1710367 - 1708937. What is the greatest common divisor of b and m?
110
Suppose -5*y + 2*m + 98 = -m, -m + 18 = y. Let s = -8 - -13. Suppose s*t - 4*i - 851 = 0, 9 + 167 = t + 5*i. Calculate the highest common divisor of t and y.
19
Let y be ((-28)/63)/(1/(-9)). Let o be 33/3 - (y - 6). What is the greatest common factor of o and 91?
13
Suppose 3364 = 2*z - 4*s, 0*z - 3357 = -2*z + 3*s. Calculate the highest common factor of z and 132.
12
Suppose -4*l = -300 - 344. Let i be 336/140 + 309*2/30. Calculate the greatest common divisor of l and i.
23
Let u be ((-16200)/84)/((-10)/35). Calculate the highest common divisor of u and 525.
75
Let l(g) = 10*g - 57. Let p be l(6). Suppose -p*d = -22*d + 285. What is the highest common divisor of d and 25?
5
Let x = -7162 - -7236. Calculate the greatest common factor of x and 17834.
74
Suppose 5367*a - 5370*a = -6681. Calculate the greatest common factor of 85 and a.
17
Suppose -p = 5*m - 3*p - 20, 5*m - p = 20. Let z(b) = -8*b + 1 - m - 8 + 5. Let g be z(-5). What is the greatest common factor of 17 and g?
17
Let t be 2*1*((-26)/(-2))/13 + 2682. What is the highest common divisor of t and 44?
44
Suppose -6*p + 25*p - 551 = 0. Suppose -1 = y - 3*z, -32*z + 9 = -p*z. What is the greatest common factor of y and 14?
2
Let d(v) = -62*v + 2401. Let q be d(38). Calculate the highest common divisor of q and 171.
9
Let c = -776 - -827. Suppose 47*y = c*y, -u + 144 = -y. Suppose 3*j - 72 = -j. Calculate the highest common divisor of j and u.
18
Let f be 12560/3 - 1160/435. What is the greatest common factor of 2 and f?
2
Let x = -4472 + 4554. What is the highest common factor of x and 6027?
41
Let u(j) = 8*j**3 - 4*j**2 + 4. Let v be u(2). Let g = v - 39. Let f be 65*(-2 - (-14)/5). Calculate the greatest common factor of g and f.
13
Let p(c) = 187*c**2 + 333*c - 3163. Let s be p(9). What is the greatest common factor of 422 and s?
211
Let j be (6 + -9 - (-1)/1) + 208. Let y = -188 + j. Calculate the greatest common divisor of 90 and y.
18
Suppose 0 = 25*z - 27*z + 3*j + 2547, j = -5. Calculate the highest common divisor of z and 30.
6
Let b = 824 + -748. Suppose 22*r + 20034 = b*r. What is the highest common divisor of 53 and r?
53
Let s(g) = -53*g - 401. Let p be s(-9). What is the greatest common factor of p and 5776?
76
Let k(n) = n**2 - 2. Let a be k(-3). Suppose 0 = -4*d + 255*m - 250*m + 175, -m = 7. Calculate the greatest common divisor of a and d.
7
Suppose 153 - 200 + 147 = 20*m. Let b(y) = 0 + 3*y - 2 - 2*y. Let d be b(5). What is the highest common divisor of m and d?
1
Suppose 6041 = 16*l - 0*l + 4553. Calculate the highest common divisor of 10478 and l.
31
Let m = -114 - -109. Let s(x) = x**2 + 7*x + 7. Let u be s(m). Let f be 22/u*(-1479)/58. What is the greatest common divisor of 17 and f?
17
Suppose -u + 3*u - o = 6, 4 = -2*o. Let v be -2*(61/(-2) - u). Suppose 43 + v = 4*r. What is the greatest common divisor of 3 and r?
3
Suppose -o = -0*o - 69. Suppose -15 = -7*g + o. Let l be 2 - (-1985)/30 - 2/g. Calculate the greatest common factor of l and 17.
17
Let v be 7/(-56) + ((-31176)/(-64) - -9). What is the highest common divisor of v and 64?
16
Let i be (196245/(-534))/((-3)/2). Calculate the highest common divisor of i and 1274.
49
Let i = -14556 + 26370. Suppose -59*w = 1725 - i. Calculate the greatest common divisor of w and 228.
57
Let a be (-1)/(84/(-252)*(-1)/(-1133)). Calculate the highest common divisor of a and 99.
33
Let c(u) = u**2 + 5*u + 2. Let g = -94 - -97. Let y be c(g). What is the highest common divisor of y and 234?
26
Let s be (3/6)/(-1) + (-730)/(-4). Suppose -3*k = 4*c - 6*k + s, -4*k + 228 = -5*c. Let n = 61 - c. Calculate the greatest common factor of n and 15.
15
Suppose 232*z = 237*z - 2*p - 2, -z + 2*p = 6. Let j = 26 - 18. Calculate the greatest common divisor of j and z.
2
Suppose -355 = -5*w + 1475. Suppose 4*z - 2*p = w, 3*p - 177 - 2 = -2*z. Calculate the greatest common divisor of z and 13.
13
Suppose 3430*s = 3397*s + 148500. Calculate the greatest common factor of 1620 and s.
180
Suppose 5*z - 238 + 78 = 0. Suppose -2*q + 3*x = x - 136, -4*q = x - 292. What is the greatest common divisor of z and q?
8
Let p = -3867 - -5275. What is the highest common divisor o